{"id":84,"date":"2016-10-11T23:29:59","date_gmt":"2016-10-11T23:29:59","guid":{"rendered":"http:\/\/famensal.com\/2016\/contactenos\/"},"modified":"2017-03-08T11:38:39","modified_gmt":"2017-03-08T17:38:39","slug":"contactenos","status":"publish","type":"page","link":"https:\/\/famensal.com\/2016\/contactenos\/","title":{"rendered":"Cont\u00e1ctenos"},"content":{"rendered":"<p>[et_pb_section admin_label=\u00bbSecci\u00f3n\u00bb fullwidth=\u00bbon\u00bb specialty=\u00bboff\u00bb][et_pb_fullwidth_map admin_label=\u00bbMapa de anchura completa\u00bb address=\u00bbSan Salvador, El Salvador\u00bb mouse_wheel=\u00bboff\u00bb mobile_dragging=\u00bbon\u00bb address_lat=\u00bb13.650198331323136&#8243; address_lng=\u00bb-89.17796601140367&#8243;] [et_pb_map_pin title=\u00bbOficinas FAMENSAL\u00bb pin_address=\u00bbRN-5, San Salvador, El Salvador\u00bb pin_address_lat=\u00bb13.650266180438171&#8243; pin_address_lng=\u00bb-89.1781886347519&#8243;]<\/p>\n<div id=\"main-content\">\n<article id=\"post-84\" class=\"post-84 page type-page status-publish hentry\">\n<div class=\"entry-content\">\n<div class=\"et_pb_section et_pb_section_1 et_section_regular\">\n<div class=\" et_pb_row et_pb_row_0 et_pb_gutters3\">\n<div class=\"et_pb_column et_pb_column_1_3 et_pb_column_1\">\n<div class=\"et_pb_text et_pb_module et_pb_bg_layout_light et_pb_text_align_left et_pb_text_0\">\n<p><strong>Direcci\u00f3n:<\/strong> Kil\u00f3metro 11 \u00bd Autopista a Comalapa.<br \/>\nSan Marcos. El Salvador, Centroamerica<br \/>\n<strong>Tel\u00e9fonos:<\/strong>\u00a0+503\u00a02205-6800<br \/>\n<strong>Correo Electr\u00f3nico:<\/strong>\u00a0<a href=\"mailto:info@famensal.com\">info@famensal.com<\/a><\/p>\n<\/div>\n<\/div>\n<\/div>\n<\/div>\n<\/div>\n<\/article>\n<\/div>\n<p>[\/et_pb_map_pin] [\/et_pb_fullwidth_map][\/et_pb_section][et_pb_section admin_label=\u00bbsection\u00bb transparent_background=\u00bboff\u00bb allow_player_pause=\u00bboff\u00bb inner_shadow=\u00bboff\u00bb parallax=\u00bboff\u00bb parallax_method=\u00bbon\u00bb padding_mobile=\u00bboff\u00bb make_fullwidth=\u00bboff\u00bb use_custom_width=\u00bboff\u00bb width_unit=\u00bboff\u00bb custom_width_px=\u00bb1080px\u00bb custom_width_percent=\u00bb80%\u00bb make_equal=\u00bboff\u00bb use_custom_gutter=\u00bboff\u00bb fullwidth=\u00bboff\u00bb specialty=\u00bboff\u00bb disabled=\u00bboff\u00bb][et_pb_row admin_label=\u00bbrow\u00bb make_fullwidth=\u00bboff\u00bb use_custom_width=\u00bboff\u00bb width_unit=\u00bboff\u00bb use_custom_gutter=\u00bbon\u00bb padding_mobile=\u00bboff\u00bb allow_player_pause=\u00bboff\u00bb parallax=\u00bboff\u00bb parallax_method=\u00bbon\u00bb make_equal=\u00bboff\u00bb column_padding_mobile=\u00bbon\u00bb parallax_1=\u00bboff\u00bb parallax_method_1=\u00bbon\u00bb parallax_2=\u00bboff\u00bb parallax_method_2=\u00bbon\u00bb parallax_3=\u00bboff\u00bb parallax_method_3=\u00bbon\u00bb parallax_4=\u00bboff\u00bb parallax_method_4=\u00bbon\u00bb disabled=\u00bboff\u00bb custom_padding=\u00bb80px||80px|\u00bb gutter_width=\u00bb3&#8243;][et_pb_column type=\u00bb2_3&#8243;][et_pb_contact_form admin_label=\u00bbContact Form\u00bb captcha=\u00bboff\u00bb title=\u00bbEnv\u00edenos un mensaje\u00bb use_redirect=\u00bboff\u00bb input_border_radius=\u00bb0&#8243; module_id=\u00bbet_pb_contact_form_0&#8243; use_border_color=\u00bboff\u00bb border_color=\u00bb#ffffff\u00bb border_style=\u00bbsolid\u00bb custom_button=\u00bboff\u00bb button_use_icon=\u00bbon\u00bb button_icon_placement=\u00bbright\u00bb button_on_hover=\u00bbon\u00bb button_letter_spacing_hover=\u00bb0&#8243; disabled=\u00bboff\u00bb email=\u00bbinfo@famensal.com\u00bb button_letter_spacing=\u00bb0&#8243;] [et_pb_contact_field field_id=\u00bbNombre\u00bb field_title=\u00bbNombre\u00bb field_type=\u00bbinput\u00bb required_mark=\u00bbon\u00bb fullwidth_field=\u00bboff\u00bb disabled=\u00bboff\u00bb form_field_font_select=\u00bbdefault\u00bb form_field_font=\u00bb||||\u00bb use_border_color=\u00bboff\u00bb border_style=\u00bbsolid\u00bb] [\/et_pb_contact_field][et_pb_contact_field field_id=\u00bbEmail\u00bb field_title=\u00bbDirecci\u00f3n de correo electr\u00f3nico\u00bb field_type=\u00bbemail\u00bb required_mark=\u00bbon\u00bb fullwidth_field=\u00bboff\u00bb disabled=\u00bboff\u00bb form_field_font_select=\u00bbdefault\u00bb form_field_font=\u00bb||||\u00bb use_border_color=\u00bboff\u00bb border_style=\u00bbsolid\u00bb] [\/et_pb_contact_field][et_pb_contact_field field_id=\u00bbPais\u00bb field_title=\u00bbPa\u00eds\u00bb field_type=\u00bbinput\u00bb required_mark=\u00bbon\u00bb fullwidth_field=\u00bboff\u00bb form_field_font_select=\u00bbdefault\u00bb form_field_font=\u00bb||||\u00bb use_border_color=\u00bboff\u00bb border_style=\u00bbsolid\u00bb \/][et_pb_contact_field field_id=\u00bbTelefono\u00bb field_title=\u00bbTel\u00e9fono\u00bb field_type=\u00bbinput\u00bb required_mark=\u00bbon\u00bb fullwidth_field=\u00bboff\u00bb form_field_font_select=\u00bbdefault\u00bb form_field_font=\u00bb||||\u00bb use_border_color=\u00bboff\u00bb border_style=\u00bbsolid\u00bb \/][et_pb_contact_field field_id=\u00bbMessage\u00bb field_title=\u00bbMensaje\u00bb field_type=\u00bbtext\u00bb required_mark=\u00bbon\u00bb fullwidth_field=\u00bbon\u00bb input_border_radius=\u00bb0&#8243; disabled=\u00bboff\u00bb] [\/et_pb_contact_field] [\/et_pb_contact_form][\/et_pb_column][et_pb_column type=\u00bb1_3&#8243;][et_pb_text admin_label=\u00bbText\u00bb background_layout=\u00bblight\u00bb text_orientation=\u00bbleft\u00bb use_border_color=\u00bboff\u00bb border_style=\u00bbsolid\u00bb disabled=\u00bboff\u00bb border_color=\u00bb#ffffff\u00bb]<\/p>\n<h3>M\u00e1s informaci\u00f3n<\/h3>\n<p>En FAMENSAL estamos comprometidos con brindarle un servicios personalizado de alta calidad. No dude en contactarnos hoy mismo o complete el formulario y uno de nuestros ejecutivos le contactar\u00e1 directamente.<\/p>\n<p><strong>Direcci\u00f3n:<\/strong> Kil\u00f3metro 11 \u00bd Autopista a Comalapa.<br \/>\nSan Marcos. El Salvador, Centroamerica<\/p>\n<p><strong>Tel\u00e9fonos:<\/strong>\u00a0+503\u00a02205-6800<\/p>\n<p><strong>Correo Electr\u00f3nico:<\/strong>\u00a0<a href=\"mailto:info@famensal.com\">info@famensal.com<\/a><\/p>\n<p>[\/et_pb_text][\/et_pb_column][\/et_pb_row][\/et_pb_section][et_pb_section admin_label=\u00bbsection\u00bb global_module=\u00bb389&#8243; transparent_background=\u00bboff\u00bb background_color=\u00bb#001f51&#8243; allow_player_pause=\u00bboff\u00bb inner_shadow=\u00bboff\u00bb parallax=\u00bboff\u00bb parallax_method=\u00bbon\u00bb padding_mobile=\u00bboff\u00bb make_fullwidth=\u00bboff\u00bb use_custom_width=\u00bboff\u00bb width_unit=\u00bboff\u00bb make_equal=\u00bboff\u00bb use_custom_gutter=\u00bboff\u00bb fullwidth=\u00bboff\u00bb specialty=\u00bboff\u00bb disabled=\u00bboff\u00bb][et_pb_row global_parent=\u00bb389&#8243; admin_label=\u00bbrow\u00bb make_fullwidth=\u00bbon\u00bb use_custom_width=\u00bboff\u00bb width_unit=\u00bboff\u00bb custom_width_px=\u00bb1080px\u00bb custom_width_percent=\u00bb80%\u00bb use_custom_gutter=\u00bbon\u00bb gutter_width=\u00bb3&#8243; custom_padding=\u00bb50px|50px|50px|50px\u00bb padding_mobile=\u00bboff\u00bb allow_player_pause=\u00bboff\u00bb parallax=\u00bboff\u00bb parallax_method=\u00bbon\u00bb make_equal=\u00bboff\u00bb column_padding_mobile=\u00bbon\u00bb parallax_1=\u00bboff\u00bb parallax_method_1=\u00bbon\u00bb parallax_2=\u00bboff\u00bb parallax_method_2=\u00bbon\u00bb parallax_3=\u00bboff\u00bb parallax_method_3=\u00bbon\u00bb parallax_4=\u00bboff\u00bb parallax_method_4=\u00bbon\u00bb disabled_on=\u00bboff|off|off\u00bb disabled=\u00bboff\u00bb locked=\u00bboff\u00bb][et_pb_column type=\u00bb1_3&#8243;][et_pb_blurb global_parent=\u00bb389&#8243; admin_label=\u00bbDirecci\u00f3n\u00bb title=\u00bbDirecci\u00f3n\u00bb url_new_window=\u00bboff\u00bb use_icon=\u00bbon\u00bb font_icon=\u00bb\ue083\u00bb icon_color=\u00bb#f18647&#8243; use_circle=\u00bboff\u00bb circle_color=\u00bb#074080&#8243; use_circle_border=\u00bboff\u00bb circle_border_color=\u00bb#074080&#8243; icon_placement=\u00bbleft\u00bb animation=\u00bbtop\u00bb background_layout=\u00bbdark\u00bb text_orientation=\u00bbcenter\u00bb use_icon_font_size=\u00bboff\u00bb disabled_on=\u00bboff|off|off\u00bb use_border_color=\u00bboff\u00bb border_color=\u00bb#ffffff\u00bb border_style=\u00bbsolid\u00bb disabled=\u00bboff\u00bb locked=\u00bboff\u00bb]<\/p>\n<p>Kil\u00f3metro 11 \u00bd Autopista a Comalapa. San Marcos. El Salvador, Centroamerica.<\/p>\n<p>[\/et_pb_blurb][et_pb_blurb global_parent=\u00bb389&#8243; admin_label=\u00bbTel\u00e9fonos Email\u00bb title=\u00bbCont\u00e1ctenos\u00bb url_new_window=\u00bboff\u00bb use_icon=\u00bbon\u00bb font_icon=\u00bb\ue090\u00bb icon_color=\u00bb#f18647&#8243; use_circle=\u00bboff\u00bb circle_color=\u00bb#074080&#8243; use_circle_border=\u00bboff\u00bb circle_border_color=\u00bb#074080&#8243; icon_placement=\u00bbleft\u00bb animation=\u00bbtop\u00bb background_layout=\u00bbdark\u00bb text_orientation=\u00bbcenter\u00bb use_icon_font_size=\u00bboff\u00bb use_border_color=\u00bboff\u00bb border_color=\u00bb#ffffff\u00bb border_style=\u00bbsolid\u00bb disabled=\u00bboff\u00bb]<\/p>\n<p>PBX.(503) 2205-6800<br \/>\nFax.(503) 2205-6820<br \/>\nEmail info@famensal.com<\/p>\n<p>[\/et_pb_blurb][\/et_pb_column][et_pb_column type=\u00bb1_3&#8243;][et_pb_blurb global_parent=\u00bb389&#8243; admin_label=\u00bbUbicaci\u00f3n\u00bb title=\u00bbUbicaci\u00f3n\u00bb url_new_window=\u00bboff\u00bb use_icon=\u00bbon\u00bb font_icon=\u00bb\ue081\u00bb icon_color=\u00bb#f18647&#8243; use_circle=\u00bboff\u00bb circle_color=\u00bb#074080&#8243; use_circle_border=\u00bboff\u00bb circle_border_color=\u00bb#074080&#8243; icon_placement=\u00bbleft\u00bb animation=\u00bbtop\u00bb background_layout=\u00bbdark\u00bb text_orientation=\u00bbcenter\u00bb use_icon_font_size=\u00bboff\u00bb disabled_on=\u00bboff|off|off\u00bb use_border_color=\u00bboff\u00bb border_color=\u00bb#ffffff\u00bb border_style=\u00bbsolid\u00bb disabled=\u00bboff\u00bb locked=\u00bboff\u00bb] [\/et_pb_blurb][et_pb_map global_parent=\u00bb389&#8243; admin_label=\u00bbMapa\u00bb address=\u00bbAutopista Comalapa, San Salvador, El Salvador\u00bb zoom_level=\u00bb16&#8243; address_lat=\u00bb13.651486448262977&#8243; address_lng=\u00bb-89.17253314688571&#8243; mouse_wheel=\u00bboff\u00bb mobile_dragging=\u00bbon\u00bb use_grayscale_filter=\u00bboff\u00bb disabled_on=\u00bboff|off|off\u00bb disabled=\u00bboff\u00bb locked=\u00bboff\u00bb] [et_pb_map_pin title=\u00bbFamensal El Salvador\u00bb pin_address=\u00bbAutopista Comalapa, San Salvador, El Salvador\u00bb pin_address_lat=\u00bb13.65155421555683&#8243; pin_address_lng=\u00bb-89.17248486712344&#8243; disabled=\u00bboff\u00bb] [\/et_pb_map_pin] [\/et_pb_map][\/et_pb_column][et_pb_column type=\u00bb1_3&#8243;][et_pb_blurb global_parent=\u00bb389&#8243; admin_label=\u00bbRedes sociales\u00bb title=\u00bbRedes Sociales\u00bb url_new_window=\u00bboff\u00bb use_icon=\u00bbon\u00bb font_icon=\u00bb\ue09e\u00bb icon_color=\u00bb#f18647&#8243; use_circle=\u00bboff\u00bb circle_color=\u00bb#074080&#8243; use_circle_border=\u00bboff\u00bb circle_border_color=\u00bb#074080&#8243; icon_placement=\u00bbleft\u00bb animation=\u00bbtop\u00bb background_layout=\u00bbdark\u00bb text_orientation=\u00bbcenter\u00bb use_icon_font_size=\u00bboff\u00bb disabled_on=\u00bboff|off|off\u00bb use_border_color=\u00bboff\u00bb border_color=\u00bb#ffffff\u00bb border_style=\u00bbsolid\u00bb disabled=\u00bboff\u00bb locked=\u00bboff\u00bb] [\/et_pb_blurb][et_pb_social_media_follow global_parent=\u00bb389&#8243; admin_label=\u00bbSeguir en medios sociales\u00bb link_shape=\u00bbcircle\u00bb background_layout=\u00bbdark\u00bb url_new_window=\u00bbon\u00bb follow_button=\u00bboff\u00bb disabled=\u00bboff\u00bb] [et_pb_social_media_follow_network social_network=\u00bbyoutube\u00bb url=\u00bbhttps:\/\/www.youtube.com\/channel\/UCY1SFjLJtJrHqVF4S77DKCQ\u00bb skype_action=\u00bbcall\u00bb bg_color=\u00bb#a82400&#8243; disabled=\u00bboff\u00bb link_shape=\u00bbcircle\u00bb follow_button=\u00bboff\u00bb url_new_window=\u00bbon\u00bb] Youtube [\/et_pb_social_media_follow_network] [\/et_pb_social_media_follow][\/et_pb_column][\/et_pb_row][\/et_pb_section]<\/p>\n","protected":false},"excerpt":{"rendered":"<p>Direcci\u00f3n: Kil\u00f3metro 11 \u00bd Autopista a Comalapa. San Marcos. El Salvador, Centroamerica Tel\u00e9fonos:\u00a0+503\u00a02205-6800 Correo Electr\u00f3nico:\u00a0info@famensal.com M\u00e1s informaci\u00f3n En FAMENSAL estamos comprometidos con brindarle un servicios personalizado de alta calidad. No dude en contactarnos hoy mismo o complete el formulario y uno de nuestros ejecutivos le contactar\u00e1 directamente. Direcci\u00f3n: Kil\u00f3metro 11 \u00bd Autopista a Comalapa. San [&hellip;]<\/p>\n","protected":false},"author":1,"featured_media":0,"parent":0,"menu_order":9,"comment_status":"closed","ping_status":"closed","template":"","meta":{"_et_pb_use_builder":"on","_et_pb_old_content":"","_et_gb_content_width":""},"_links":{"self":[{"href":"https:\/\/famensal.com\/2016\/wp-json\/wp\/v2\/pages\/84"}],"collection":[{"href":"https:\/\/famensal.com\/2016\/wp-json\/wp\/v2\/pages"}],"about":[{"href":"https:\/\/famensal.com\/2016\/wp-json\/wp\/v2\/types\/page"}],"author":[{"embeddable":true,"href":"https:\/\/famensal.com\/2016\/wp-json\/wp\/v2\/users\/1"}],"replies":[{"embeddable":true,"href":"https:\/\/famensal.com\/2016\/wp-json\/wp\/v2\/comments?post=84"}],"version-history":[{"count":8,"href":"https:\/\/famensal.com\/2016\/wp-json\/wp\/v2\/pages\/84\/revisions"}],"predecessor-version":[{"id":424,"href":"https:\/\/famensal.com\/2016\/wp-json\/wp\/v2\/pages\/84\/revisions\/424"}],"wp:attachment":[{"href":"https:\/\/famensal.com\/2016\/wp-json\/wp\/v2\/media?parent=84"}],"curies":[{"name":"wp","href":"https:\/\/api.w.org\/{rel}","templated":true}]}}